 What are the prime factors of v?
3, 5
Let q(j) = 0*j + 0 - 5 - 2*j. Let z = 54 + -62. What are the prime factors of q(z)?
11
Let v(y) = -y**2 - 2. Let a be v(0). Let u(c) = -8*c - 1. What are the prime factors of u(a)?
3, 5
Suppose -f + 268 = 3*j, -3*f - 441 = -5*j + f. List the prime factors of j.
89
Let y be 106/4 + (-3)/(-6). Suppose 2*m = t + y, 3*m + 3*t - 31 = 14. What are the prime factors of m?
2, 7
Let u(g) be the second derivative of g**5/20 + g**4/12 - g**3/6 + 4*g**2 - 3*g. List the prime factors of u(0).
2
Suppose -m = -k + 30, 3*k + k - 5*m - 117 = 0. List the prime factors of k.
3, 11
Let d = -29 - -304. What are the prime factors of d?
5, 11
Suppose -5*s + 11 = -4. Let b = 16 - s. What are the prime factors of b?
13
Let a be (-2)/4 - (-22)/4. Suppose -5*c = 4*y - 4*c - 97, -5 = -a*c. List the prime factors of y.
2, 3
Let y(c) = -61*c - 12. List the prime factors of y(-4).
2, 29
Let i = -80 + 89. List the prime factors of i.
3
Suppose -4*m + m + 2*k = 38, -2*m = 3*k + 21. Suppose -65 = 6*x - 239. Let l = m + x. List the prime factors of l.
17
Suppose 4*d - 117 = -3*j + 2*d, 2*j = 2*d + 78. What are the prime factors of j?
3, 13
Let o = 9 - 6. Suppose 0*v + o*v + i - 4 = 0, 2*i = -4*v + 2. Suppose 48 = t + v*t. What are the prime factors of t?
2, 3
Let n = 3 - -8. Let j(l) = -l + 13. Let q be j(n). Suppose -14 = -q*o + 26. What are the prime factors of o?
2, 5
Suppose 13 - 1 = -2*h. Let v be 230/h - 1/(-3). List the prime factors of v/(-6) - 4/12.
2, 3
Let s(v) be the second derivative of v**3/3 - v**2/2 - v. Suppose 5*y = 0, d + d + 2*y - 8 = 0. List the prime factors of s(d).
7
Let n(m) = 7*m + 6. What are the prime factors of n(5)?
41
Let i be -1 + 3 + 3 + -2. What are the prime factors of (16/(-10))/(i/(-15))?
2
Suppose -2*g = y + 3*y + 14, 0 = 3*y + 3*g + 3. What are the prime factors of (-58)/y - 10/15?
3
Suppose -1 = -2*a + 3*a. List the prime factors of (a + -9)*(-12)/8.
3, 5
Let w(o) = -3*o - 1. Let q be w(-1). Suppose -q*c = 2 + 2. Let l(b) = -3*b**3 - 3*b**2 - 3*b - 1. List the prime factors of l(c).
17
List the prime factors of ((-4 - -2)/6)/((-12)/4068).
113
Let f = -81 + 125. List the prime factors of f.
2, 11
Let s = 168 + 118. What are the prime factors of s?
2, 11, 13
Let y(r) = r + 6. Let h be y(-3). Let d(z) = 4*z - 4. Let j be d(h). Let t = j - 4. List the prime factors of t.
2
Let f = 8 - 4. What are the prime factors of f?
2
Let l = -41 - -48. What are the prime factors of l?
7
Suppose 4*h + 5*d - 441 = 4*d, -2*d - 108 = -h. Suppose 5*g + 5*k - h = 0, 5*k = 5*g + k - 119. List the prime factors of g.
23
Suppose -n + 52 = 5*t - 75, -n + 143 = -3*t. List the prime factors of n.
137
Let u(t) = -6*t + 37. List the prime factors of u(-10).
97
Suppose -2*t + 5 + 1 = 0. Suppose -2*z - 3*p + 7 = 0, 0 = t*z + 4*p - 5*p - 5. Suppose -h - 11 = -2*a, z*h = 5*a - 2*a - 17. List the prime factors of a.
5
Let u = 289 - -34. What are the prime factors of u?
17, 19
List the prime factors of (9*1)/((-10)/(-90)).
3
Suppose 4*y = -y. Suppose y*i - 2*i = -18. What are the prime factors of i?
3
Let j be 1/(1/(4/2)). Suppose j*x = -0*x + 90. Suppose -3*f + x = 3*y, -5*y + f = -4*y - 7. List the prime factors of y.
11
List the prime factors of 13/(-26)*158/(-1).
79
Let x = 0 + 165. What are the prime factors of x?
3, 5, 11
Let d(j) be the first derivative of -j**2 - 9*j + 5. What are the prime factors of d(-17)?
5
Let v(y) = -y**2 + 6*y. Suppose -3*q + 2 + 16 = 0. Let r be v(q). Suppose r = 5*u + 4*b - 121, 2*u + 3*b + 36 = 90. List the prime factors of u.
3, 7
Let z be ((-2)/(-2))/(3/21). Suppose z = 4*y - 3*y. List the prime factors of y.
7
Let k be (-66)/(-24) + (-6)/8. Suppose 12 = k*w - w. List the prime factors of w.
2, 3
Suppose 3*m = 2*m - 1. Let k(y) = -y**2 + 4*y. Let b(v) = v - 1. Let n(t) = m*k(t) + b(t). What are the prime factors of n(5)?
3
Suppose -10 = -7*j + 2*j. What are the prime factors of 4*(j - 3/12)?
7
Suppose 0*y - 5*s = -y + 1, 2*s - 14 = -2*y. Suppose -8*l = -y*l + 18. Let t = 9 - l. What are the prime factors of t?
2, 3
Let m be (4/4)/((-1)/17). Let y = m - -29. What are the prime factors of y?
2, 3
Suppose 8*m + 5 = 3*m. Let x(i) = -4*i - 4*i + 5*i - 6*i. List the prime factors of x(m).
3
Suppose 4*t = -9 + 25. Let f = 46 + -27. Let j = f - t. What are the prime factors of j?
3, 5
Let o be (0/(-2) - -1)*28. Suppose 0 = 5*h - 11 - 19. Suppose -h*w = -2*w - o. What are the prime factors of w?
7
Suppose 0 = -9*d + 163 + 89. What are the prime factors of d?
2, 7
Let r be (-10)/(-7)*(-9 - -16). What are the prime factors of r/(-5) - (-42 + 1)?
3, 13
Let y(g) = -4*g + 7. Let b be y(-6). Let w = b + -19. What are the prime factors of w?
2, 3
Suppose -6*h = -182 - 238. List the prime factors of h.
2, 5, 7
Let g(u) = -u**3 - 4*u**2 - 3*u - 5. Let x be g(-5). Suppose x - 103 = -4*l. List the prime factors of l.
17
Suppose 1 = -y - 2, 3*j - 6 = 2*y. Suppose 4 = -j*p + 2*p. What are the prime factors of p?
2
Let h = 28 - 0. Suppose o + 3*o + h = 0. What are the prime factors of (-192)/(-14) - 2/o?
2, 7
Let h(p) = -p + 12. Let s(k) = -k + 6. Let c(y) = -6*h(y) + 11*s(y). List the prime factors of c(-7).
29
Suppose -c - 5*f - 12 = 0, 4*c - 1 = 2*f - 5. What are the prime factors of -69*5/(15/c)?
2, 23
Let h(p) = p - 16. Let i(r) = -1. Let z(t) = -h(t) + 6*i(t). List the prime factors of z(0).
2, 5
Let n(b) be the third derivative of 3*b**2 + 0*b - 1/12*b**4 + 1/120*b**6 + 0 + 1/15*b**5 - 2/3*b**3. What are the prime factors of n(-4)?
2
Suppose 163 = 5*b + 8. Suppose -5*x = -9 - b. What are the prime factors of x?
2
Suppose 67 = 2*a + 15. Suppose 0 = -z + 2*z - a. What are the prime factors of z?
2, 13
Let f(l) = l**3 - l**2 - 10. Let y be f(0). Let n = -6 - y. What are the prime factors of n?
2
Suppose 4*q + 7 - 25 = -d, -45 = -5*d - 5*q. Suppose g - d = -g. What are the prime factors of g?
3
Let x = -15 - -18. List the prime factors of x.
3
Let v = 42 - 20. Suppose -c + v = 2. List the prime factors of c.
2, 5
Let h(n) be the second derivative of -n**3/2 - n**2/2 - 2*n. Let u be h(2). Let f(c) = c**2 + 7*c + 5. List the prime factors of f(u).
5
Let l = 21 + -5. What are the prime factors of l?
2
Suppose 0 = 4*z + 226 - 790. What are the prime factors of z?
3, 47
Suppose 4*x = -3*x + 168. List the prime factors of x.
2, 3
Suppose -l = 5*v + 13 - 3, -37 = 4*v - 5*l. Let u(x) be the third derivative of -x**4/6 + x**3/6 - x**2. What are the prime factors of u(v)?
13
Let q(p) = 2*p - 4. Let h(c) = 8*c**3 + c. Let w be h(1). Suppose 4*z = z + w. List the prime factors of q(z).
2
Let u = -66 + 47. List the prime factors of (-7)/21 + u/(-3).
2, 3
Let b(o) be the first derivative of o**5/60 + o**4/6 + o**2 + 2. Let l(j) be the second derivative of b(j). What are the prime factors of l(-6)?
2, 3
Suppose -4*s + 149 - 589 = -5*a, 4*a = -4*s + 388. What are the prime factors of a?
2, 23
List the prime factors of -6 + 4/2 - (-500)/2.
2, 3, 41
Suppose 13 = 5*t - 2. Let y(u) = u - t*u**2 + 7*u**2 + 1 + u**3 + u. What are the prime factors of y(-3)?
2
Suppose t - 445 = -3*d + 5*t, -2*t = 2*d - 306. List the prime factors of d.
151
Let t(g) = 3*g**2 - 2. Let o be t(-3). Let k(r) = -12*r**2 + r. Let m be k(-1). Let d = m + o. What are the prime factors of d?
2, 3
Let c(o) = o**2 - 2*o + 3. Suppose -3*p = -4*h + 1 - 5, -2 = -p + 2*h. Suppose 5*y - 4*i + 10 = p, 0 = 5*y - y - 3*i + 7. What are the prime factors of c(y)?
3
Suppose 0 = 4*i - 16 + 4. Let o = 2 - 2. Suppose k - i*k + 8 = o. List the prime factors of k.
2
Let f(n) = 2 - 9 + 10*n - 1 - n**2. What are the prime factors of f(8)?
2
Let u(m) = -11*m**2 + 12*m**2 + 13*m - 2*m + 18. List the prime factors of u(-12).
2, 3, 5
Suppose w = -0*w. Suppose w = x - 1 - 5. What are the prime factors of 4/x + (-20)/(-6)?
2
Suppose -3*l = 3, -3*q + 7*q - 452 = 4*l. What are the prime factors of q?
2, 7
Suppose 0 = 2*f - 3*f - 5. List the prime factors of 16/5 - (-1)/f.
3
Let h(q) = q**3 + 5*q + 5 - 5*q + 5*q**2. Let i be (-9 + 0)/3 - 1. What are the prime factors of h(i)?
3, 7
Suppose b - 191 = -4*c - c, -3*b = -4*c + 168. List the prime factors of c.
3, 13
Let d(a) = -4*a - 26. List the prime factors of d(-10).
2, 7
Let s(x) = -x**2. Let u be s(2). Let o = -10 - -1. Let f = u - o. What 